
False
Is 1465 a factor of 1162360703?
False
Is 59526520 a multiple of 110?
False
Does 141 divide 739076646?
False
Is 1812 a factor of 40444047?
False
Does 14 divide 4784928?
False
Is 35362974 a multiple of 6?
True
Is 4160 a factor of 74220943?
False
Does 305 divide 40069375?
True
Does 123 divide 1410118125?
True
Does 27 divide 242051274?
True
Is 156 a factor of 70021224?
True
Is 759 a factor of 263522523?
True
Is 62 a factor of 17419024?
True
Does 1206 divide 22093268?
False
Does 48 divide 452660112?
True
Is 432 a factor of 36426487?
False
Does 15 divide 6680220?
True
Is 780039639 a multiple of 241?
True
Is 2526 a factor of 37756122?
True
Is 2750 a factor of 165885500?
True
Is 27554270 a multiple of 373?
False
Is 38 a factor of 65520481?
False
Is 43721518 a multiple of 34?
True
Is 24406074 a multiple of 462?
True
Is 151 a factor of 17776475?
True
Is 4810479 a multiple of 269?
False
Is 276 a factor of 17298256?
False
Is 5387 a factor of 498184373?
True
Is 3589665910 a multiple of 10?
True
Is 14360968 a multiple of 238?
False
Is 61 a factor of 11326785?
True
Does 24 divide 16568352?
True
Is 8 a factor of 716668220?
False
Is 161998000 a multiple of 1070?
True
Does 89 divide 500790?
False
Does 1639 divide 501079556?
False
Does 168 divide 68453192?
False
Does 27 divide 57929110?
False
Is 13 a factor of 1792661130?
True
Is 1330 a factor of 473817631?
False
Does 58 divide 74016264?
False
Is 10 a factor of 12788493?
False
Is 18664887 a multiple of 10?
False
Is 40189088 a multiple of 4?
True
Is 3837975235 a multiple of 34?
False
Is 76552330 a multiple of 19?
True
Is 23 a factor of 28631366?
True
Is 34677864 a multiple of 36?
True
Does 66 divide 107816412?
True
Is 70053096 a multiple of 251?
True
Does 1021 divide 56398251?
False
Is 130857932 a multiple of 67?
False
Does 44 divide 59150583?
False
Does 120 divide 8646720?
True
Is 12736343 a multiple of 419?
True
Does 147 divide 295587751?
False
Does 251 divide 9967226?
False
Is 12 a factor of 1402747258?
False
Does 4 divide 2129268?
True
Is 744026013 a multiple of 733?
False
Is 171725545 a multiple of 346?
False
Is 839 a factor of 525064081?
False
Is 18 a factor of 11831720?
False
Does 7 divide 1396999?
False
Is 763107080 a multiple of 2260?
True
Is 519024150 a multiple of 93?
False
Is 33195524 a multiple of 97?
False
Is 23 a factor of 248764297?
True
Is 2971880296 a multiple of 187?
True
Does 9 divide 4716711?
True
Does 767 divide 9011483?
True
Is 20239527 a multiple of 861?
True
Does 4679 divide 304381593?
False
Is 5 a factor of 12169848?
False
Does 981 divide 44553392?
False
Is 158633224 a multiple of 2?
True
Is 10 a factor of 522779835?
False
Does 44 divide 1630083179?
False
Is 112 a factor of 100179744?
True
Is 77758110 a multiple of 97?
True
Is 2324747735 a multiple of 145?
True
Is 637 a factor of 55736863?
True
Is 3446 a factor of 205378154?
True
Does 1159 divide 2100374247?
False
Is 36796784 a multiple of 104?
False
Does 880 divide 868826316?
False
Is 389748162 a multiple of 6?
True
Is 11 a factor of 404861138?
True
Is 65789165 a multiple of 113?
True
Is 751332722 a multiple of 86?
True
Is 39689247 a multiple of 108?
False
Is 69833522 a multiple of 12?
False
Does 1193 divide 820697640?
False
Does 20 divide 118197570?
False
Is 260 a factor of 49645440?
True
Is 31967390 a multiple of 91?
True
Does 13 divide 40990690?
True
Is 10 a factor of 34798060?
True
Is 18 a factor of 319678416?
True
Is 2147374973 a multiple of 325?
False
Does 5 divide 3507500455?
True
Does 1091 divide 117320990?
False
Is 3649382682 a multiple of 62?
True
Is 10 a factor of 2480705942?
False
Does 296 divide 1384019?
False
Does 3 divide 113848537?
False
Is 208074643 a multiple of 30?
False
Is 229988260 a multiple of 589?
False
Is 38 a factor of 24735270?
False
Does 1220 divide 21766020?
True
Is 874 a factor of 242459254?
False
Is 14 a factor of 140651893?
False
Does 466 divide 196244670?
False
Is 2186449224 a multiple of 112?
False
Is 45448666 a multiple of 7?
False
Does 656 divide 195450608?
True
Does 11 divide 21110540?
True
Is 1819435892 a multiple of 181?
True
Is 72011700 a multiple of 716?
True
Does 121 divide 19755549?
True
Is 13 a factor of 186014987?
False
Does 3838 divide 40141642?
True
Is 47092864 a multiple of 416?
True
Does 1486 divide 68928954?
False
Does 1837 divide 121852873?
False
Does 4730 divide 53934835?
False
Does 51 divide 326344155?
True
Is 185 a factor of 285865515?
True
Is 190 a factor of 764743952?
False
Does 9 divide 480809553?
False
Does 8 divide 20288384?
True
Does 61 divide 1312965285?
False
Does 29 divide 42647715?
False
Is 120390249 a multiple of 147?
False
Is 25 a factor of 4370596825?
True
Is 884301018 a multiple of 366?
True
Does 211 divide 738978521?
False
Is 1035189450 a multiple of 450?
True
Is 490603404 a multiple of 17?
False
Is 15 a factor of 50145627?
False
Is 387895353 a multiple of 122?
False
Is 5 a factor of 535279585?
True
Is 23881320 a multiple of 224?
False
Does 78 divide 62647032?
False
Does 867 divide 755789774?
False
Is 1324 a factor of 8496108?
True
Is 285185740 a multiple of 46?
True
Is 16 a factor of 57772688?
True
Is 1154 a factor of 863741304?
True
Does 1245 divide 22248699?
False
Is 4855954 a multiple of 622?
True
Does 3 divide 18553886?
False
Is 698740560 a multiple of 80?
True
Does 8 divide 131471600?
True
Does 1222 divide 34118605?
False
Is 30 a factor of 9139090?
False
Is 57 a factor of 639792650?
False
Is 1328253741 a multiple of 211?
False
Is 145936561 a multiple of 3526?
False
Does 315 divide 101751853?
False
Is 208 a factor of 51272563?
False
Does 573 divide 11948852?
False
Is 134 a factor of 14161572?
False
Does 233 divide 1777475?
False
Does 652 divide 416817232?
False
Is 223471463 a multiple of 432?
False
Does 173 divide 17720044?
True
Is 24 a factor of 1226184?
True
Is 54015168 a multiple of 178?
True
Is 215 a factor of 8365345?
False
Does 2787 divide 73323183?
True
Does 9850 divide 6417383495?
False
Is 20041775 a multiple of 22?
False
Does 1600 divide 44811200?
True
Is 10210332 a multiple of 2?
True
Is 2680 a factor of 1743930463?
False
Does 56 divide 52840375?
False
Is 10466464 a multiple of 32?
True
Does 24 divide 341988692?
False
Is 65783772 a multiple of 284?
True
Is 33826005 a multiple of 27?
True
Is 2 a factor of 7698079?
False
Is 573138873 a multiple of 818?
False
Does 807 divide 39961026?
True
Does 1651 divide 842217832?
False
Does 261 divide 32161008?
False
Does 2 divide 34467991?
False
Is 897809481 a multiple of 10?
False
Is 37 a factor of 223780033?
True
Does 72 divide 32664154?
False
Is 3 a factor of 14875850?
False
Is 323796875 a multiple of 2125?
True
Does 35 divide 96858040?
False
Is 96987028 a multiple of 796?
True
Does 14 divide 2020565627?
False
Does 98 divide 769880643?
False
Is 46 a factor of 33564637?
False
Does 571 divide 245514583?
True
Does 358 divide 70745096?
True
Is 21552358 a multiple of 541?
True
Is 479 a factor of 509427042?
False
Is 4 a factor of 248510?
False
Is 528 a factor of 11043120?
True
Is 137 a factor of 65914329?
False
Is 136874459 a multiple of 144?
False
Does 5 divide 170786268?
False
Does 398 divide 2642666668?
True
Is 9 a factor of 190792056?
False
Does 25 divide 9737100?
True
Is 4 a factor of 255753076?
True
Is 11 a factor of 598782371?
True
Does 112 divide 1273378848?
True
Is 3014 a factor of 4451678?
True
Is 450 a factor of 57715086?
False
Does 17 divide 5116439?
True
Is 94262792 a multiple of 11?
False
Is 133115444 a multiple of 77?
True
Does 4 divide 14389837?
False
Is 15 a factor of 2999328?
False
Does 1646 divide 2331850580?
False
Does 245 divide 490137690?
True
Is 224 a factor of 531169408?
True
Is 57553061 a multiple of 433?
True
Is 802354008 a multiple of 1471?
True
Is 1100 a factor of 8308300?
True
Is 4 a factor of 863750?
False
Is 19113609 a multiple of 2465?
False
Does 845 divide 310191593?
False
Is 212294958 a multiple of 651?
False
Is 244694058 a multiple of 447?
True
Does 3 divide 300002547?
True
Is 138636173 a multiple of 5?
False
Is 6 a factor of 18469548?
True
Is 1545 a factor of 903706814?
False
Is 49526400 a multiple of 6?
True
Is 136 a factor of 106554616?
False
Does 3 divide 162951537?
True
Does 709 divide 48418319?
True
Is 240974496 a multiple of 63?
True
Does 7277 divide 52333736?
False
Do